ime factors of 145712?
2, 7, 1301
List the prime factors of 25450.
2, 5, 509
List the prime factors of 1286.
2, 643
What are the prime factors of 130396?
2, 7, 4657
List the prime factors of 1655.
5, 331
What are the prime factors of 501?
3, 167
What are the prime factors of 3055?
5, 13, 47
What are the prime factors of 13?
13
What are the prime factors of 2640?
2, 3, 5, 11
What are the prime factors of 26261?
26261
What are the prime factors of 651?
3, 7, 31
List the prime factors of 1097.
1097
What are the prime factors of 14562?
2, 3, 809
List the prime factors of 67051.
19, 3529
What are the prime factors of 637?
7, 13
What are the prime factors of 250?
2, 5
List the prime factors of 140294.
2, 7, 11, 911
List the prime factors of 54950.
2, 5, 7, 157
List the prime factors of 715.
5, 11, 13
List the prime factors of 6688.
2, 11, 19
List the prime factors of 26437.
26437
List the prime factors of 24366.
2, 3, 31, 131
List the prime factors of 1606.
2, 11, 73
What are the prime factors of 32135?
5, 6427
What are the prime factors of 1490?
2, 5, 149
What are the prime factors of 811?
811
List the prime factors of 1272.
2, 3, 53
List the prime factors of 18875.
5, 151
List the prime factors of 1024.
2
List the prime factors of 463.
463
List the prime factors of 167.
167
What are the prime factors of 9090?
2, 3, 5, 101
What are the prime factors of 3896?
2, 487
What are the prime factors of 1420?
2, 5, 71
List the prime factors of 12600.
2, 3, 5, 7
What are the prime factors of 1326?
2, 3, 13, 17
What are the prime factors of 26166?
2, 3, 7, 89
List the prime factors of 167403.
3, 41, 1361
List the prime factors of 1323.
3, 7
List the prime factors of 28810.
2, 5, 43, 67
What are the prime factors of 84355?
5, 16871
List the prime factors of 18072.
2, 3, 251
What are the prime factors of 10647?
3, 7, 13
What are the prime factors of 30994?
2, 15497
List the prime factors of 41349.
3, 7, 11, 179
What are the prime factors of 43086?
2, 3, 43, 167
What are the prime factors of 29373?
3, 9791
List the prime factors of 28353.
3, 13, 727
What are the prime factors of 43918?
2, 7, 3137
List the prime factors of 1858.
2, 929
What are the prime factors of 1010?
2, 5, 101
What are the prime factors of 329?
7, 47
What are the prime factors of 325?
5, 13
List the prime factors of 2791.
2791
List the prime factors of 104761.
104761
List the prime factors of 65508.
2, 3, 53, 103
List the prime factors of 8405.
5, 41
List the prime factors of 2723.
7, 389
What are the prime factors of 25126?
2, 17, 739
List the prime factors of 4281.
3, 1427
What are the prime factors of 1306?
2, 653
List the prime factors of 10581.
3, 3527
List the prime factors of 7669.
7669
What are the prime factors of 39400?
2, 5, 197
List the prime factors of 11804.
2, 13, 227
What are the prime factors of 2175?
3, 5, 29
List the prime factors of 102.
2, 3, 17
List the prime factors of 94977.
3, 61, 173
What are the prime factors of 17499?
3, 19, 307
List the prime factors of 1405.
5, 281
What are the prime factors of 6903?
3, 13, 59
What are the prime factors of 422?
2, 211
List the prime factors of 6641.
29, 229
List the prime factors of 2494.
2, 29, 43
What are the prime factors of 70978?
2, 23, 1543
What are the prime factors of 2256?
2, 3, 47
What are the prime factors of 531?
3, 59
List the prime factors of 549.
3, 61
What are the prime factors of 1069?
1069
List the prime factors of 70754.
2, 17, 2081
What are the prime factors of 12139?
61, 199
List the prime factors of 28429.
28429
List the prime factors of 87678.
2, 3, 4871
List the prime factors of 92864.
2, 1451
What are the prime factors of 649?
11, 59
List the prime factors of 8819.
8819
What are the prime factors of 6217?
6217
What are the prime factors of 25775?
5, 1031
What are the prime factors of 100?
2, 5
What are the prime factors of 86535?
3, 5, 641
What are the prime factors of 89628?
2, 3, 7, 11, 97
List the prime factors of 15214.
2, 7607
What are the prime factors of 1077?
3, 359
List the prime factors of 9030.
2, 3, 5, 7, 43
List the prime factors of 78.
2, 3, 13
List the prime factors of 5294.
2, 2647
List the prime factors of 10600.
2, 5, 53
List the prime factors of 360.
2, 3, 5
List the prime factors of 3999.
3, 31, 43
What are the prime factors of 31456?
2, 983
What are the prime factors of 2617?
2617
What are the prime factors of 6442?
2, 3221
What are the prime factors of 149012?
2, 37253
List the prime factors of 7916.
2, 1979
List the prime factors of 14547.
3, 13, 373
What are the prime factors of 18809?
7, 2687
What are the prime factors of 12410?
2, 5, 17, 73
List the prime factors of 565.
5, 113
List the prime factors of 49839.
3, 37, 449
List the prime factors of 147.
3, 7
What are the prime factors of 3475?
5, 139
What are the prime factors of 1704?
2, 3, 71
What are the prime factors of 6772?
2, 1693
List the prime factors of 41984.
2, 41
What are the prime factors of 3941?
7, 563
What are the prime factors of 1095?
3, 5, 73
What are the prime factors of 1442?
2, 7, 103
What are the prime factors of 150095?
5, 11, 2729
What are the prime factors of 12246?
2, 3, 13, 157
List the prime factors of 7681.
7681
What are the prime factors of 917?
7, 131
What are the prime factors of 165246?
2, 3, 27541
What are the prime factors of 10940?
2, 5, 547
What are the prime factors of 15893?
23, 691
List the prime factors of 1758.
2, 3, 293
What are the prime factors of 383?
383
List the prime factors of 10699.
13, 823
What are the prime factors of 2634?
2, 3, 439
List the prime factors of 448.
2, 7
What are the prime factors of 606?
2, 3, 101
What are the prime factors of 74308?
2, 13, 1429
What are the prime factors of 25058?
2, 11, 17, 67
What are the prime factors of 528?
2, 3, 11
What are the prime factors of 19632?
2, 3, 409
What are the prime factors of 177?
3, 59
What are the prime factors of 28504?
2, 7, 509
List the prime factors of 325.
5, 13
What are the prime factors of 2964?
2, 3, 13, 19
What are the prime factors of 2025?
3, 5
List the prime factors of 3138.
2, 3, 523
List the prime factors of 16093.
7, 11, 19
List the prime factors of 35842.
2, 17921
List the prime factors of 37497.
3, 29, 431
What are the prime factors of 798?
2, 3, 7, 19
List the prime factors of 51498.
2, 3, 2861
List the prime factors of 2646.
2, 3, 7
List the prime factors of 11270.
2, 5, 7, 23
What are the prime factors of 3906?
2, 3, 7, 31
List the prime factors of 33273.
3, 3697
List the prime factors of 99559.
99559
List the prime factors of 4601.
43, 107
What are the prime factors of 13527?
3, 167
What are the prime factors of 59931?
3, 6659
What are the prime factors of 44?
2, 11
What are the prime factors of 8519?
7, 1217
List the prime factors of 2389.
2389
List the prime factors of 11925.
3, 5, 53
List the prime factors of 1389.
3, 463
List the prime factors of 5266.
2, 2633
What are the prime factors of 105105?
3, 5, 7, 11, 13
What are the prime factors of 4271?
4271
What are the prime factors of 1881?
3, 11, 19
List the prime factors of 54765.
3, 5, 1217
List the prime factors of 11322.
2, 3, 17, 37
List the prime factors of 15320.
2, 5, 383
What are the prime factors of 11264?
2, 11
What are the prime factors of 38730?
2, 3, 5, 1291
List the prime factors of 33602.
2, 53, 317
List the prime factors of 78428.
2, 7, 2801
What are the prime factors of 3283?
7, 67
List the prime factors of 315.
3, 5, 7
What are the prime factors of 645?
3, 5, 43
List the prime factors of 495.
3, 5, 11
List the prime factors of 2797.
2797
What are the prime factors of 712?
2, 89
What are the prime factors of 27372?
2, 3, 2281
List the prime factors of 181136.
2, 11321
What are the prime factors of 652?
2, 163
List the prime factors of 33357.
3, 11119
List the prime factors of 20109.
3, 6703
What are the prime factors of 9061?
13, 17, 41
List the prime factors of 1571.
1571
List the prime factors of 633.
3, 211
List the prime factors of 1428.
2, 3, 7, 17
List the prime factors of 3176.
2, 397
What are the prime factors of 171?
3, 19
List the prime factors of 7921.
89
What are the prime factors of 78?
2, 3, 13
What are the prime factors of 559?
13, 43
What are the prime factors of 31752?
2, 3, 7
What are the prime factors of 84